List the prime factors of q.
2, 61
Suppose 22*r - 6640 = 3854. What are the prime factors of r?
3, 53
Let n(u) = 10*u**3 + u**2 + u - 1. Suppose -8*y + 5 = -3*y. Let s be n(y). List the prime factors of (-42)/(-2)*(s + -10).
3, 7
Suppose 6*a = 8710 + 5678. What are the prime factors of a?
2, 11, 109
Let p = 1080 + 1095. What are the prime factors of p?
3, 5, 29
Let j = -157 + 427. List the prime factors of j.
2, 3, 5
Let w = -134 - -126. Let l(t) = t**3 - 1. Let b(d) = 4*d**3 - 7*d**2 + 17*d - 1. Let x(v) = -b(v) + 5*l(v). What are the prime factors of x(w)?
2, 17
Suppose -5*i = 28 + 77. Let a(w) = -22*w - 97. Let h be a(-6). Let f = i + h. List the prime factors of f.
2, 7
Let x(g) = -4*g - 2. Let f be x(5). Let j = f - -37. What are the prime factors of j?
3, 5
Suppose 75*w - 199872 = 3*w. What are the prime factors of w?
2, 347
Let j = -145 + 152. List the prime factors of 12*-3*j/3*-4.
2, 3, 7
Suppose -5*s + 0*c + 2*c + 310 = 0, 4*s + 4*c - 248 = 0. List the prime factors of s.
2, 31
Suppose 0 = 6*u + 12*u + 3816. Let m = -90 - u. List the prime factors of m.
2, 61
Let v = 38 + -152. Let h = 78 + v. Let f = h - -63. List the prime factors of f.
3
Let p(q) = -447*q + 6. Let n(b) = 224*b - 3. Let l(u) = -5*n(u) - 2*p(u). What are the prime factors of l(-1)?
229
Let x = -2 + 6. Let y = x - -1. Suppose 4*l = -0*k + y*k - 71, 5*k = -5*l + 80. List the prime factors of k.
3, 5
Let h(u) be the first derivative of u**4/4 - 4*u**3/3 - u**2 - 7*u - 17. List the prime factors of h(5).
2
Let s(t) = t**2 + 2*t + 1. Let q(m) = 4*m**2 + 7*m + 10. Let b(f) = q(f) - 3*s(f). Let d = 7 + 0. List the prime factors of b(d).
3, 7
Let y(u) be the second derivative of u**4/6 + u**3/3 + 39*u**2/2 + 12*u. List the prime factors of y(-10).
3, 73
Let p(f) = f**2 - 12*f - 11. Let q be p(13). Suppose j + 438 = 4*k, -k + q*j = k - 222. List the prime factors of k.
109
Let k(h) = -222*h + 85. List the prime factors of k(-4).
7, 139
Let s(y) = 2*y**2 + 6*y + 1. Let f be s(-4). Suppose 0 = -3*r - f + 87. List the prime factors of r.
2, 13
Let m be (-7)/(14/(-4)) - 2. Let u = -1 + m. What are the prime factors of (-7 - u)*(-12)/18?
2
List the prime factors of 1*(-14)/(42/(-2115)).
3, 5, 47
Let u(k) = k**3 + 2*k**2 - 5*k - 3. List the prime factors of u(4).
73
Let x(n) = -n**2 + 16*n + 25. Let z be x(17). Let a = z - 8. Suppose -2*o + 22 + a = 0. What are the prime factors of o?
11
Let x = 81 + -118. Let i = x - -107. What are the prime factors of i?
2, 5, 7
Suppose -4*x = -3*a + 12, 2 = a + 2*x - 2. Suppose -a*z + 62 = 3*g, 138 = 5*g - z - z. List the prime factors of g.
2, 13
Let l be (-16)/6*-3*9. Suppose 0 = -5*z + a + a - 134, 3*a = -3*z - l. Let m = z - -42. What are the prime factors of m?
2
Let w(g) = -g**2 + 9*g + 5. Let p(f) be the first derivative of -f**4/4 + 5*f**3/3 - 2*f**2 + 3*f - 5. Let h be p(3). What are the prime factors of w(h)?
5
Let f be (-21)/(-49) + 25/7. What are the prime factors of (f/(-2))/(7/(-742))?
2, 53
Suppose -20 = 5*f - y, 5*f - y - y = -25. What are the prime factors of 314/(-2*(f - -2))?
157
Let w be (-26)/(-65) - 18/(-5). Suppose -k - 2*a - 10 = 2*a, -4 = 4*k + w*a. List the prime factors of k.
2
Let s(c) = 2*c**2 - 8*c + 1. List the prime factors of s(-6).
11
List the prime factors of 6*((-17087)/(-42) - 8).
2393
Let q(v) = -v**3 + 5*v**2 - 2*v. Suppose 8 = -5*j + 28. List the prime factors of q(j).
2
Suppose 2*a - 546 = -0*p - 4*p, -2*p + 546 = 2*a. What are the prime factors of a?
3, 7, 13
Suppose 0 = -194*t + 186*t + 2424. What are the prime factors of t?
3, 101
Let g be 2/((-2)/(-2 + 0)). Let r be 0*g/4*-2. Suppose -y = -w - 28, w + r*w - 22 = -y. List the prime factors of y.
5
Suppose 0 = -32*t + 9*t + 116840. List the prime factors of t.
2, 5, 127
Let l(y) = -517*y - 1205. What are the prime factors of l(-7)?
2, 17, 71
Suppose 0 = 42*v - 49*v + 1869. Let n = v + -105. What are the prime factors of n?
2, 3
Suppose 2*f + 170 = -2*v + 2296, v = 4*f + 1048. List the prime factors of v.
2, 5, 53
Suppose 0 = -4*u + 5*a + 105, 0 = -5*a + 17 - 2. Suppose -6*h = -u - 204. List the prime factors of h.
3, 13
Let z be 2 + (6/(-2) - 1). What are the prime factors of ((-2)/z)/((-7)/(-2009))?
7, 41
Suppose 34 + 36 = 14*t. Let w(u) = -5*u**3 - 4*u + 1. Let n be w(-3). Suppose t*v - n = v. What are the prime factors of v?
37
Suppose r = 4*u + 3 - 17, 2 = 4*u + 5*r. Let p(l) = 8*l + 7. What are the prime factors of p(u)?
31
Let v be (9 - 10)*(19 + -1). Let p = 41 + v. What are the prime factors of p?
23
Suppose -2*b = -5*w - 854, 0 = b + 2*w - 446 + 10. Suppose 0 = -0*u - 6*u + b. List the prime factors of u.
2, 3
Let h(a) = a**3 - 8*a**2 + 7*a + 4. Let c be h(7). Suppose -2*z = -271 + 263. Suppose c = y + l, -z*y + 34 = -3*y - 5*l. List the prime factors of y.
3
Let n = -24 + 28. Suppose -87 = -n*j - 411. List the prime factors of 1/(-1 - j/78).
2, 13
Suppose 54774 = -192*t + 210*t. What are the prime factors of t?
17, 179
Let u(b) = -b**2 - 4*b - 3. Suppose -2*d - 4 = 6. Let k be u(d). What are the prime factors of 3 + (-5)/1 - k?
2, 3
Suppose 7*j - 2*j = 30. Let v be j - (-4)/(8/(-6)). Let p = v + 15. List the prime factors of p.
2, 3
Suppose -4617 = 9*c - 18*c. List the prime factors of c.
3, 19
Let s be (-104)/18 - (-4 + (-76)/(-18)). List the prime factors of (-1 - 0)/(s/852).
2, 71
Suppose -3*o - 13 = -82. Let f = 15 + o. What are the prime factors of f?
2, 19
Let x = 194 - 368. Let q = -114 - x. Let m = q + -34. List the prime factors of m.
2, 13
Suppose 7*x - 8*x = -36. List the prime factors of 4/(-18) - (-2132)/x.
59
Let d = -585 - -2774. What are the prime factors of d?
11, 199
Let j(l) = -3*l + 9. Let g(m) = -m**2 + m. Let p(d) = -d**2 + 6*d - 13. Let h(c) = 2*g(c) - p(c). Let n be h(-7). List the prime factors of j(n).
3, 11
What are the prime factors of ((-4)/(-4) + -98)*-3?
3, 97
Let g = -100 + 103. Suppose 2*t + 0*t + g*b - 232 = 0, 0 = -4*t + 2*b + 464. List the prime factors of t.
2, 29
Let w be 2/4 - 11/(-22). Suppose -n + w - 7 = 2*s, -n = 3*s + 11. Let j(k) = -k**3 + 7*k**2 - 7*k + 4. List the prime factors of j(n).
2, 3
Let g = 2574 - -1476. List the prime factors of g.
2, 3, 5
Let h be (-5 - -10)/(-5) + 6. Suppose -5 = -3*t + 4, 756 = 3*n - h*t. What are the prime factors of n?
257
Suppose 32*o - 2415 = 17*o. What are the prime factors of o?
7, 23
Suppose -a + 149 - 94 = 0. List the prime factors of a.
5, 11
Suppose 6*m = 2164 + 500. What are the prime factors of m?
2, 3, 37
Suppose 3*v - 1735 - 6050 = -2*w, 0 = 5*v - 5*w - 12975. List the prime factors of v.
3, 5, 173
Let g be (108/(-8))/(6/(-56)). Let o = -69 + g. Suppose 0 = z - s - 26, 2*z - 3*s - o = -0*s. List the prime factors of z.
3, 7
Let j be 64/224 - (-206)/14. Let b = 253 - 50. Suppose 4*w + j = b. List the prime factors of w.
47
Let a(d) = 87*d - 168. What are the prime factors of a(6)?
2, 3, 59
Suppose 2*u = 7*u. Suppose 2*v - 18 = -5*w + 28, -5*v - 10 = u. Suppose -m = w - 57. List the prime factors of m.
47
What are the prime factors of (-2)/11 - 16768/(-22)?
2, 3, 127
Let t = -11 - -21. Let h(p) = p**2 - 3*p - 4. List the prime factors of h(t).
2, 3, 11
Let l(s) = 2*s**3 - s**2 - s. Let n be l(-1). Let f be n/6 - 134/3. Let t = f - -81. What are the prime factors of t?
2, 3
Let t(u) = -u**3 - 3*u**2 - 10*u + 1. Let v be t(-3). Suppose v = 4*s - 209. List the prime factors of s.
2, 3, 5
What are the prime factors of -4 - (-29784)/40 - 8/(-20)?
3, 13, 19
Let q be (-6)/(-21) - (-471)/(-7). Let a = -49 - q. List the prime factors of a.
2, 3
Suppose -144*d + 1 = -143*d. What are the prime factors of -2 - (2 - (d + 193))?
2, 5, 19
Let b(m) = 10*m - 3. Let d be b(11). Suppose 12*a - d - 1129 = 0. List the prime factors of a.
103
Let f be 171/(-33) - 2/(-11). Let n = f - -5. Suppose 3*g = 5*u - n*u + 109, 4*g - 3*u - 149 = 0. List the prime factors of g.
2, 19
Let n(y) = 5*y - 30. Let r be n(13). Suppose 0 = r*g - 30*g - 1020. List the prime factors of g.
2, 3, 17
Suppose 0 = 4*q - 129 - 703. List the prime factors of q.
2, 13
Let l be (1/(-1 + 2))/(2/6). Suppose 0 = -3*p - l, -5*i + 0*i = -2*p - 117. List the prime factors of i.
23
Let v = -748 - -1321. List the prime factors of v.
3, 191
What are the prime factors of 9*24/126*69*7?
2, 3, 23
Suppose -56*x + 